{"id":103,"date":"2019-01-16T18:00:32","date_gmt":"2019-01-16T18:00:32","guid":{"rendered":"http:\/\/nieuw.sombredikabana.com\/?page_id=103"},"modified":"2026-09-01T14:00:44","modified_gmt":"2026-09-01T18:00:44","slug":"over-ons","status":"publish","type":"page","link":"https:\/\/sombredikabana.com\/nl\/over-ons\/","title":{"rendered":"Over ons"},"content":{"rendered":"<p><\/p>\n<p>Wij zijn Judith en Robert-Jan en sinds september 2026 de nieuwe eigenaren van Sombr\u00e9 di Kabana. Een plek waar wij zelf direct verliefd op werden: kleinschalig en tropisch, terwijl alles wat Cura\u00e7ao zo leuk maakt dichtbij is.<\/p>\n<p>Na jarenlang in Nederland te hebben gewoond, besloten we het roer om te gooien en ons leven voort te zetten op Cura\u00e7ao. Toen de mogelijkheid voorbij kwam om dit bijzondere mini-resort over te nemen, hoefden we daar niet lang over na te denken.<\/p>\n<p><\/p>\n<p>De komende tijd geven we het resort stap voor stap onze eigen uitstraling. Daarbij hoort ook een nieuwe naam: Sombr\u00e9 di Kabana gaat binnenkort verder als Casa Cabana Cura\u00e7ao.<\/p>\n<p>De ontspannen en persoonlijke sfeer blijft, maar we gaan de accommodaties en het terrein op verschillende punten vernieuwen en onze eigen Caribische touch geven.<\/p>\n<p>We vinden het vooral belangrijk dat je je hier snel thuis voelt. Of je nu komt om Cura\u00e7ao te ontdekken, lekker bij het zwembad te ontspannen of gewoon even helemaal niets te hoeven.<\/p>\n<p>Wij kijken er enorm naar uit om je te verwelkomen op onze plek onder de Cura\u00e7aose zon.<\/p>\n<p>Zonnige groet,<br \/>\nJudith &amp; Robert-Jan \ud83c\udf34<\/p>\n<p><\/p>\n<p><\/p>\n<p><\/p>","protected":false},"excerpt":{"rendered":"<p>Wij zijn Judith en Robert-Jan en sinds september 2026 de nieuwe eigenaren van Sombr\u00e9 di Kabana. Een plek waar wij zelf direct verliefd op werden: kleinschalig en tropisch, terwijl alles wat Cura\u00e7ao zo leuk maakt dichtbij is. Na jarenlang in Nederland te hebben gewoond, besloten we het roer om te gooien en ons leven voort [&hellip;]<\/p>\n","protected":false},"author":4,"featured_media":0,"parent":0,"menu_order":0,"comment_status":"closed","ping_status":"closed","template":"page-templates\/page_fullwidth.php","meta":{"_monsterinsights_skip_tracking":false,"_uf_show_specific_survey":0,"_uf_disable_surveys":false,"footnotes":""},"class_list":["post-103","page","type-page","status-publish","hentry"],"aioseo_notices":[],"yoast_head":"<!-- This site is optimized with the Yoast SEO plugin v23.8 - https:\/\/yoast.com\/wordpress\/plugins\/seo\/ -->\n<title>Over ons | B&amp;B Sombr\u00e9 di Kabana<\/title>\n<meta name=\"robots\" content=\"index, follow, max-snippet:-1, max-image-preview:large, max-video-preview:-1\" \/>\n<link rel=\"canonical\" href=\"https:\/\/sombredikabana.com\/nl\/over-ons\/\" \/>\n<meta property=\"og:locale\" content=\"nl_NL\" \/>\n<meta property=\"og:type\" content=\"article\" \/>\n<meta property=\"og:title\" content=\"Over ons | B&amp;B Sombr\u00e9 di Kabana\" \/>\n<meta property=\"og:description\" content=\"Wij zijn Judith en Robert-Jan en sinds september 2026 de nieuwe eigenaren van Sombr\u00e9 di Kabana. Een plek waar wij zelf direct verliefd op werden: kleinschalig en tropisch, terwijl alles wat Cura\u00e7ao zo leuk maakt dichtbij is. Na jarenlang in Nederland te hebben gewoond, besloten we het roer om te gooien en ons leven voort [&hellip;]\" \/>\n<meta property=\"og:url\" content=\"https:\/\/sombredikabana.com\/nl\/over-ons\/\" \/>\n<meta property=\"og:site_name\" content=\"B&amp;B Sombr\u00e9 di Kabana\" \/>\n<meta property=\"article:publisher\" content=\"https:\/\/www.facebook.com\/bnbsombredikabana\/\" \/>\n<meta property=\"article:modified_time\" content=\"2026-09-01T18:00:44+00:00\" \/>\n<meta name=\"twitter:card\" content=\"summary_large_image\" \/>\n<meta name=\"twitter:label1\" content=\"Geschatte leestijd\" \/>\n\t<meta name=\"twitter:data1\" content=\"4 minuten\" \/>\n<script type=\"application\/ld+json\" class=\"yoast-schema-graph\">{\"@context\":\"https:\/\/schema.org\",\"@graph\":[{\"@type\":\"WebPage\",\"@id\":\"https:\/\/sombredikabana.com\/nl\/over-ons\/\",\"url\":\"https:\/\/sombredikabana.com\/nl\/over-ons\/\",\"name\":\"Over ons | B&amp;B Sombr\u00e9 di Kabana\",\"isPartOf\":{\"@id\":\"https:\/\/sombredikabana.com\/nl\/#website\"},\"datePublished\":\"2019-01-16T18:00:32+00:00\",\"dateModified\":\"2026-09-01T18:00:44+00:00\",\"breadcrumb\":{\"@id\":\"https:\/\/sombredikabana.com\/nl\/over-ons\/#breadcrumb\"},\"inLanguage\":\"nl-NL\",\"potentialAction\":[{\"@type\":\"ReadAction\",\"target\":[[\"https:\/\/sombredikabana.com\/nl\/over-ons\/\"]]}]},{\"@type\":\"BreadcrumbList\",\"@id\":\"https:\/\/sombredikabana.com\/nl\/over-ons\/#breadcrumb\",\"itemListElement\":[{\"@type\":\"ListItem\",\"position\":1,\"name\":\"Home\",\"item\":\"https:\/\/sombredikabana.com\/nl\/\"},{\"@type\":\"ListItem\",\"position\":2,\"name\":\"Over ons\"}]},{\"@type\":\"WebSite\",\"@id\":\"https:\/\/sombredikabana.com\/nl\/#website\",\"url\":\"https:\/\/sombredikabana.com\/nl\/\",\"name\":\"B &amp; B Sombre di Kabana\",\"description\":\"\",\"publisher\":{\"@id\":\"https:\/\/sombredikabana.com\/nl\/#organization\"},\"potentialAction\":[{\"@type\":\"SearchAction\",\"target\":{\"@type\":\"EntryPoint\",\"urlTemplate\":\"https:\/\/sombredikabana.com\/nl\/?s={search_term_string}\"},\"query-input\":{\"@type\":\"PropertyValueSpecification\",\"valueRequired\":true,\"valueName\":\"search_term_string\"}}],\"inLanguage\":\"nl-NL\"},{\"@type\":\"Organization\",\"@id\":\"https:\/\/sombredikabana.com\/nl\/#organization\",\"name\":\"Sombre di Kabana\",\"url\":\"https:\/\/sombredikabana.com\/nl\/\",\"logo\":{\"@type\":\"ImageObject\",\"inLanguage\":\"nl-NL\",\"@id\":\"https:\/\/sombredikabana.com\/nl\/#\/schema\/logo\/image\/\",\"url\":\"https:\/\/sombredikabana.com\/wp-content\/uploads\/2019\/07\/logo_sdk_v5.png\",\"contentUrl\":\"https:\/\/sombredikabana.com\/wp-content\/uploads\/2019\/07\/logo_sdk_v5.png\",\"width\":649,\"height\":376,\"caption\":\"Sombre di Kabana\"},\"image\":{\"@id\":\"https:\/\/sombredikabana.com\/nl\/#\/schema\/logo\/image\/\"},\"sameAs\":[\"https:\/\/www.facebook.com\/bnbsombredikabana\/\"]}]}<\/script>\n<!-- \/ Yoast SEO plugin. -->","yoast_head_json":{"title":"Over ons | B&amp;B Sombr\u00e9 di Kabana","robots":{"index":"index","follow":"follow","max-snippet":"max-snippet:-1","max-image-preview":"max-image-preview:large","max-video-preview":"max-video-preview:-1"},"canonical":"https:\/\/sombredikabana.com\/nl\/over-ons\/","og_locale":"nl_NL","og_type":"article","og_title":"Over ons | B&amp;B Sombr\u00e9 di Kabana","og_description":"Wij zijn Judith en Robert-Jan en sinds september 2026 de nieuwe eigenaren van Sombr\u00e9 di Kabana. Een plek waar wij zelf direct verliefd op werden: kleinschalig en tropisch, terwijl alles wat Cura\u00e7ao zo leuk maakt dichtbij is. Na jarenlang in Nederland te hebben gewoond, besloten we het roer om te gooien en ons leven voort [&hellip;]","og_url":"https:\/\/sombredikabana.com\/nl\/over-ons\/","og_site_name":"B&amp;B Sombr\u00e9 di Kabana","article_publisher":"https:\/\/www.facebook.com\/bnbsombredikabana\/","article_modified_time":"2026-09-01T18:00:44+00:00","twitter_card":"summary_large_image","twitter_misc":{"Geschatte leestijd":"4 minuten"},"schema":{"@context":"https:\/\/schema.org","@graph":[{"@type":"WebPage","@id":"https:\/\/sombredikabana.com\/nl\/over-ons\/","url":"https:\/\/sombredikabana.com\/nl\/over-ons\/","name":"Over ons | B&amp;B Sombr\u00e9 di Kabana","isPartOf":{"@id":"https:\/\/sombredikabana.com\/nl\/#website"},"datePublished":"2019-01-16T18:00:32+00:00","dateModified":"2026-09-01T18:00:44+00:00","breadcrumb":{"@id":"https:\/\/sombredikabana.com\/nl\/over-ons\/#breadcrumb"},"inLanguage":"nl-NL","potentialAction":[{"@type":"ReadAction","target":[["https:\/\/sombredikabana.com\/nl\/over-ons\/"]]}]},{"@type":"BreadcrumbList","@id":"https:\/\/sombredikabana.com\/nl\/over-ons\/#breadcrumb","itemListElement":[{"@type":"ListItem","position":1,"name":"Home","item":"https:\/\/sombredikabana.com\/nl\/"},{"@type":"ListItem","position":2,"name":"Over ons"}]},{"@type":"WebSite","@id":"https:\/\/sombredikabana.com\/nl\/#website","url":"https:\/\/sombredikabana.com\/nl\/","name":"B &amp; B Sombre di Kabana","description":"","publisher":{"@id":"https:\/\/sombredikabana.com\/nl\/#organization"},"potentialAction":[{"@type":"SearchAction","target":{"@type":"EntryPoint","urlTemplate":"https:\/\/sombredikabana.com\/nl\/?s={search_term_string}"},"query-input":{"@type":"PropertyValueSpecification","valueRequired":true,"valueName":"search_term_string"}}],"inLanguage":"nl-NL"},{"@type":"Organization","@id":"https:\/\/sombredikabana.com\/nl\/#organization","name":"Sombre di Kabana","url":"https:\/\/sombredikabana.com\/nl\/","logo":{"@type":"ImageObject","inLanguage":"nl-NL","@id":"https:\/\/sombredikabana.com\/nl\/#\/schema\/logo\/image\/","url":"https:\/\/sombredikabana.com\/wp-content\/uploads\/2019\/07\/logo_sdk_v5.png","contentUrl":"https:\/\/sombredikabana.com\/wp-content\/uploads\/2019\/07\/logo_sdk_v5.png","width":649,"height":376,"caption":"Sombre di Kabana"},"image":{"@id":"https:\/\/sombredikabana.com\/nl\/#\/schema\/logo\/image\/"},"sameAs":["https:\/\/www.facebook.com\/bnbsombredikabana\/"]}]}},"_links":{"self":[{"href":"https:\/\/sombredikabana.com\/nl\/wp-json\/wp\/v2\/pages\/103","targetHints":{"allow":["GET"]}}],"collection":[{"href":"https:\/\/sombredikabana.com\/nl\/wp-json\/wp\/v2\/pages"}],"about":[{"href":"https:\/\/sombredikabana.com\/nl\/wp-json\/wp\/v2\/types\/page"}],"author":[{"embeddable":true,"href":"https:\/\/sombredikabana.com\/nl\/wp-json\/wp\/v2\/users\/4"}],"replies":[{"embeddable":true,"href":"https:\/\/sombredikabana.com\/nl\/wp-json\/wp\/v2\/comments?post=103"}],"version-history":[{"count":50,"href":"https:\/\/sombredikabana.com\/nl\/wp-json\/wp\/v2\/pages\/103\/revisions"}],"predecessor-version":[{"id":2191,"href":"https:\/\/sombredikabana.com\/nl\/wp-json\/wp\/v2\/pages\/103\/revisions\/2191"}],"wp:attachment":[{"href":"https:\/\/sombredikabana.com\/nl\/wp-json\/wp\/v2\/media?parent=103"}],"curies":[{"name":"wp","href":"https:\/\/api.w.org\/{rel}","templated":true}]}}

<p></p>
<p>Wij zijn Judith en Robert-Jan en sinds september 2026 de nieuwe eigenaren van Sombré di Kabana. Een plek waar wij zelf direct verliefd op werden: kleinschalig en tropisch, terwijl alles wat Curaçao zo leuk maakt dichtbij is.</p>
<p>Na jarenlang in Nederland te hebben gewoond, besloten we het roer om te gooien en ons leven voort te zetten op Curaçao. Toen de mogelijkheid voorbij kwam om dit bijzondere mini-resort over te nemen, hoefden we daar niet lang over na te denken.</p>
<p></p>
<p>De komende tijd geven we het resort stap voor stap onze eigen uitstraling. Daarbij hoort ook een nieuwe naam: Sombré di Kabana gaat binnenkort verder als Casa Cabana Curaçao.</p>
<p>De ontspannen en persoonlijke sfeer blijft, maar we gaan de accommodaties en het terrein op verschillende punten vernieuwen en onze eigen Caribische touch geven.</p>
<p>We vinden het vooral belangrijk dat je je hier snel thuis voelt. Of je nu komt om Curaçao te ontdekken, lekker bij het zwembad te ontspannen of gewoon even helemaal niets te hoeven.</p>
<p>Wij kijken er enorm naar uit om je te verwelkomen op onze plek onder de Curaçaose zon.</p>
<p>Zonnige groet,<br />
Judith &amp; Robert-Jan 🌴</p>
<p></p>
<p></p>
<p></p>

<p>Wij zijn Judith en Robert-Jan en sinds september 2026 de nieuwe eigenaren van Sombré di Kabana. Een plek waar wij zelf direct verliefd op werden: kleinschalig en tropisch, terwijl alles wat Curaçao zo leuk maakt dichtbij is. Na jarenlang in Nederland te hebben gewoond, besloten we het roer om te gooien en ons leven voort [&hellip;]</p>

<!-- This site is optimized with the Yoast SEO plugin v23.8 - https://yoast.com/wordpress/plugins/seo/ -->
<title>Over ons | B&amp;B Sombré di Kabana</title>
<meta name="robots" content="index, follow, max-snippet:-1, max-image-preview:large, max-video-preview:-1" />
<link rel="canonical" href="https://sombredikabana.com/nl/over-ons/" />
<meta property="og:locale" content="nl_NL" />
<meta property="og:type" content="article" />
<meta property="og:title" content="Over ons | B&amp;B Sombré di Kabana" />
<meta property="og:description" content="Wij zijn Judith en Robert-Jan en sinds september 2026 de nieuwe eigenaren van Sombré di Kabana. Een plek waar wij zelf direct verliefd op werden: kleinschalig en tropisch, terwijl alles wat Curaçao zo leuk maakt dichtbij is. Na jarenlang in Nederland te hebben gewoond, besloten we het roer om te gooien en ons leven voort [&hellip;]" />
<meta property="og:url" content="https://sombredikabana.com/nl/over-ons/" />
<meta property="og:site_name" content="B&amp;B Sombré di Kabana" />
<meta property="article:publisher" content="https://www.facebook.com/bnbsombredikabana/" />
<meta property="article:modified_time" content="2026-09-01T18:00:44+00:00" />
<meta name="twitter:card" content="summary_large_image" />
<meta name="twitter:label1" content="Geschatte leestijd" />
	<meta name="twitter:data1" content="4 minuten" />
<script type="application/ld+json" class="yoast-schema-graph">{"@context":"https://schema.org","@graph":[{"@type":"WebPage","@id":"https://sombredikabana.com/nl/over-ons/","url":"https://sombredikabana.com/nl/over-ons/","name":"Over ons | B&amp;B Sombré di Kabana","isPartOf":{"@id":"https://sombredikabana.com/nl/#website"},"datePublished":"2019-01-16T18:00:32+00:00","dateModified":"2026-09-01T18:00:44+00:00","breadcrumb":{"@id":"https://sombredikabana.com/nl/over-ons/#breadcrumb"},"inLanguage":"nl-NL","potentialAction":[{"@type":"ReadAction","target":[["https://sombredikabana.com/nl/over-ons/"]]}]},{"@type":"BreadcrumbList","@id":"https://sombredikabana.com/nl/over-ons/#breadcrumb","itemListElement":[{"@type":"ListItem","position":1,"name":"Home","item":"https://sombredikabana.com/nl/"},{"@type":"ListItem","position":2,"name":"Over ons"}]},{"@type":"WebSite","@id":"https://sombredikabana.com/nl/#website","url":"https://sombredikabana.com/nl/","name":"B &amp; B Sombre di Kabana","description":"","publisher":{"@id":"https://sombredikabana.com/nl/#organization"},"potentialAction":[{"@type":"SearchAction","target":{"@type":"EntryPoint","urlTemplate":"https://sombredikabana.com/nl/?s={search_term_string}"},"query-input":{"@type":"PropertyValueSpecification","valueRequired":true,"valueName":"search_term_string"}}],"inLanguage":"nl-NL"},{"@type":"Organization","@id":"https://sombredikabana.com/nl/#organization","name":"Sombre di Kabana","url":"https://sombredikabana.com/nl/","logo":{"@type":"ImageObject","inLanguage":"nl-NL","@id":"https://sombredikabana.com/nl/#/schema/logo/image/","url":"https://sombredikabana.com/wp-content/uploads/2019/07/logo_sdk_v5.png","contentUrl":"https://sombredikabana.com/wp-content/uploads/2019/07/logo_sdk_v5.png","width":649,"height":376,"caption":"Sombre di Kabana"},"image":{"@id":"https://sombredikabana.com/nl/#/schema/logo/image/"},"sameAs":["https://www.facebook.com/bnbsombredikabana/"]}]}</script>
<!-- / Yoast SEO plugin. -->

Over ons | B&amp;B Sombré di Kabana

Wij zijn Judith en Robert-Jan en sinds september 2026 de nieuwe eigenaren van Sombré di Kabana. Een plek waar wij zelf direct verliefd op werden: kleinschalig en tropisch, terwijl alles wat Curaçao zo leuk maakt dichtbij is. Na jarenlang in Nederland te hebben gewoond, besloten we het roer om te gooien en ons leven voort [&hellip;]

B&amp;B Sombré di Kabana
