{"id":103,"date":"2019-01-16T18:00:32","date_gmt":"2019-01-16T18:00:32","guid":{"rendered":"http:\/\/nieuw.sombredikabana.com\/?page_id=103"},"modified":"2026-09-01T14:00:44","modified_gmt":"2026-09-01T18:00:44","slug":"over-ons","status":"publish","type":"page","link":"https:\/\/sombredikabana.com\/de\/uber-uns\/","title":{"rendered":"\u00dcber uns"},"content":{"rendered":"<p><\/p>\n<p><\/p>\n<p><\/p>\n<p>Wir sind Judith und Robert-Jan und seit September 2026 die neuen Eigent\u00fcmer von Sombr\u00e9 di Kabana. Ein Ort, in den wir uns selbst sofort verliebt haben: klein, tropisch und dennoch ganz in der N\u00e4he von allem, was Cura\u00e7ao so besonders macht.<\/p>\n<p>Nach vielen Jahren in den Niederlanden haben wir beschlossen, unser Leben umzukrempeln und auf Cura\u00e7ao weiterzuf\u00fchren. Als sich die Gelegenheit ergab, dieses besondere Mini-Resort zu \u00fcbernehmen, mussten wir nicht lange \u00fcberlegen.<\/p>\n<p>In der kommenden Zeit werden wir dem Resort Schritt f\u00fcr Schritt unsere eigene Atmosph\u00e4re und unseren eigenen Stil verleihen. Dazu geh\u00f6rt auch ein neuer Name: Sombr\u00e9 di Kabana wird bald als Casa Cabana Cura\u00e7ao weitergef\u00fchrt.<\/p>\n<p>Die entspannte und pers\u00f6nliche Atmosph\u00e4re bleibt nat\u00fcrlich erhalten. Gleichzeitig werden wir die Unterk\u00fcnfte und das Gel\u00e4nde an verschiedenen Stellen erneuern und ihnen unseren eigenen karibischen Touch verleihen.<\/p>\n<p>Uns ist besonders wichtig, dass ihr euch bei uns vom ersten Moment an wie zu Hause f\u00fchlt. Egal, ob ihr Cura\u00e7ao entdecken, am Pool entspannen oder einfach einmal gar nichts tun m\u00f6chtet.<\/p>\n<p>Wir freuen uns sehr darauf, euch an unserem kleinen St\u00fcck Paradies unter der Sonne Cura\u00e7aos willkommen zu hei\u00dfen.<\/p>\n<p>Sonnige Gr\u00fc\u00dfe,<br \/>\nJudith &amp; Robert-Jan \ud83c\udf34<\/p>\n<p><\/p>","protected":false},"excerpt":{"rendered":"<p>Wir sind Judith und Robert-Jan und seit September 2026 die neuen Eigent\u00fcmer von Sombr\u00e9 di Kabana. Ein Ort, in den wir uns selbst sofort verliebt haben: klein, tropisch und dennoch ganz in der N\u00e4he von allem, was Cura\u00e7ao so besonders macht. Nach vielen Jahren in den Niederlanden haben wir beschlossen, unser Leben umzukrempeln und auf [&hellip;]<\/p>\n","protected":false},"author":4,"featured_media":0,"parent":0,"menu_order":0,"comment_status":"closed","ping_status":"closed","template":"page-templates\/page_fullwidth.php","meta":{"_monsterinsights_skip_tracking":false,"_uf_show_specific_survey":0,"_uf_disable_surveys":false,"footnotes":""},"class_list":["post-103","page","type-page","status-publish","hentry"],"aioseo_notices":[],"yoast_head":"<!-- This site is optimized with the Yoast SEO plugin v23.8 - https:\/\/yoast.com\/wordpress\/plugins\/seo\/ -->\n<title>\u00dcber uns | B&amp;B Sombr\u00e9 di Kabana<\/title>\n<meta name=\"robots\" content=\"index, follow, max-snippet:-1, max-image-preview:large, max-video-preview:-1\" \/>\n<link rel=\"canonical\" href=\"https:\/\/sombredikabana.com\/de\/over-ons\/\" \/>\n<meta property=\"og:locale\" content=\"de_DE\" \/>\n<meta property=\"og:type\" content=\"article\" \/>\n<meta property=\"og:title\" content=\"\u00dcber uns | B&amp;B Sombr\u00e9 di Kabana\" \/>\n<meta property=\"og:description\" content=\"Wir sind Judith und Robert-Jan und seit September 2026 die neuen Eigent\u00fcmer von Sombr\u00e9 di Kabana. Ein Ort, in den wir uns selbst sofort verliebt haben: klein, tropisch und dennoch ganz in der N\u00e4he von allem, was Cura\u00e7ao so besonders macht. Nach vielen Jahren in den Niederlanden haben wir beschlossen, unser Leben umzukrempeln und auf [&hellip;]\" \/>\n<meta property=\"og:url\" content=\"https:\/\/sombredikabana.com\/de\/over-ons\/\" \/>\n<meta property=\"og:site_name\" content=\"B&amp;B Sombr\u00e9 di Kabana\" \/>\n<meta property=\"article:publisher\" content=\"https:\/\/www.facebook.com\/bnbsombredikabana\/\" \/>\n<meta property=\"article:modified_time\" content=\"2026-09-01T18:00:44+00:00\" \/>\n<meta name=\"twitter:card\" content=\"summary_large_image\" \/>\n<meta name=\"twitter:label1\" content=\"Gesch\u00e4tzte Lesezeit\" \/>\n\t<meta name=\"twitter:data1\" content=\"4\u00a0Minuten\" \/>\n<script type=\"application\/ld+json\" class=\"yoast-schema-graph\">{\"@context\":\"https:\/\/schema.org\",\"@graph\":[{\"@type\":\"WebPage\",\"@id\":\"https:\/\/sombredikabana.com\/de\/over-ons\/\",\"url\":\"https:\/\/sombredikabana.com\/de\/over-ons\/\",\"name\":\"\u00dcber uns | B&amp;B Sombr\u00e9 di Kabana\",\"isPartOf\":{\"@id\":\"https:\/\/sombredikabana.com\/de\/#website\"},\"datePublished\":\"2019-01-16T18:00:32+00:00\",\"dateModified\":\"2026-09-01T18:00:44+00:00\",\"breadcrumb\":{\"@id\":\"https:\/\/sombredikabana.com\/de\/over-ons\/#breadcrumb\"},\"inLanguage\":\"de\",\"potentialAction\":[{\"@type\":\"ReadAction\",\"target\":[[\"https:\/\/sombredikabana.com\/de\/over-ons\/\"]]}]},{\"@type\":\"BreadcrumbList\",\"@id\":\"https:\/\/sombredikabana.com\/de\/over-ons\/#breadcrumb\",\"itemListElement\":[{\"@type\":\"ListItem\",\"position\":1,\"name\":\"Home\",\"item\":\"https:\/\/sombredikabana.com\/de\/\"},{\"@type\":\"ListItem\",\"position\":2,\"name\":\"Over ons\"}]},{\"@type\":\"WebSite\",\"@id\":\"https:\/\/sombredikabana.com\/de\/#website\",\"url\":\"https:\/\/sombredikabana.com\/de\/\",\"name\":\"B &amp; B Sombre di Kabana\",\"description\":\"\",\"publisher\":{\"@id\":\"https:\/\/sombredikabana.com\/de\/#organization\"},\"potentialAction\":[{\"@type\":\"SearchAction\",\"target\":{\"@type\":\"EntryPoint\",\"urlTemplate\":\"https:\/\/sombredikabana.com\/de\/?s={search_term_string}\"},\"query-input\":{\"@type\":\"PropertyValueSpecification\",\"valueRequired\":true,\"valueName\":\"search_term_string\"}}],\"inLanguage\":\"de\"},{\"@type\":\"Organization\",\"@id\":\"https:\/\/sombredikabana.com\/de\/#organization\",\"name\":\"Sombre di Kabana\",\"url\":\"https:\/\/sombredikabana.com\/de\/\",\"logo\":{\"@type\":\"ImageObject\",\"inLanguage\":\"de\",\"@id\":\"https:\/\/sombredikabana.com\/de\/#\/schema\/logo\/image\/\",\"url\":\"https:\/\/sombredikabana.com\/wp-content\/uploads\/2019\/07\/logo_sdk_v5.png\",\"contentUrl\":\"https:\/\/sombredikabana.com\/wp-content\/uploads\/2019\/07\/logo_sdk_v5.png\",\"width\":649,\"height\":376,\"caption\":\"Sombre di Kabana\"},\"image\":{\"@id\":\"https:\/\/sombredikabana.com\/de\/#\/schema\/logo\/image\/\"},\"sameAs\":[\"https:\/\/www.facebook.com\/bnbsombredikabana\/\"]}]}<\/script>\n<!-- \/ Yoast SEO plugin. -->","yoast_head_json":{"title":"\u00dcber uns | B&amp;B Sombr\u00e9 di Kabana","robots":{"index":"index","follow":"follow","max-snippet":"max-snippet:-1","max-image-preview":"max-image-preview:large","max-video-preview":"max-video-preview:-1"},"canonical":"https:\/\/sombredikabana.com\/de\/over-ons\/","og_locale":"de_DE","og_type":"article","og_title":"\u00dcber uns | B&amp;B Sombr\u00e9 di Kabana","og_description":"Wir sind Judith und Robert-Jan und seit September 2026 die neuen Eigent\u00fcmer von Sombr\u00e9 di Kabana. Ein Ort, in den wir uns selbst sofort verliebt haben: klein, tropisch und dennoch ganz in der N\u00e4he von allem, was Cura\u00e7ao so besonders macht. Nach vielen Jahren in den Niederlanden haben wir beschlossen, unser Leben umzukrempeln und auf [&hellip;]","og_url":"https:\/\/sombredikabana.com\/de\/over-ons\/","og_site_name":"B&amp;B Sombr\u00e9 di Kabana","article_publisher":"https:\/\/www.facebook.com\/bnbsombredikabana\/","article_modified_time":"2026-09-01T18:00:44+00:00","twitter_card":"summary_large_image","twitter_misc":{"Gesch\u00e4tzte Lesezeit":"4\u00a0Minuten"},"schema":{"@context":"https:\/\/schema.org","@graph":[{"@type":"WebPage","@id":"https:\/\/sombredikabana.com\/de\/over-ons\/","url":"https:\/\/sombredikabana.com\/de\/over-ons\/","name":"\u00dcber uns | B&amp;B Sombr\u00e9 di Kabana","isPartOf":{"@id":"https:\/\/sombredikabana.com\/de\/#website"},"datePublished":"2019-01-16T18:00:32+00:00","dateModified":"2026-09-01T18:00:44+00:00","breadcrumb":{"@id":"https:\/\/sombredikabana.com\/de\/over-ons\/#breadcrumb"},"inLanguage":"de","potentialAction":[{"@type":"ReadAction","target":[["https:\/\/sombredikabana.com\/de\/over-ons\/"]]}]},{"@type":"BreadcrumbList","@id":"https:\/\/sombredikabana.com\/de\/over-ons\/#breadcrumb","itemListElement":[{"@type":"ListItem","position":1,"name":"Home","item":"https:\/\/sombredikabana.com\/de\/"},{"@type":"ListItem","position":2,"name":"Over ons"}]},{"@type":"WebSite","@id":"https:\/\/sombredikabana.com\/de\/#website","url":"https:\/\/sombredikabana.com\/de\/","name":"B &amp; B Sombre di Kabana","description":"","publisher":{"@id":"https:\/\/sombredikabana.com\/de\/#organization"},"potentialAction":[{"@type":"SearchAction","target":{"@type":"EntryPoint","urlTemplate":"https:\/\/sombredikabana.com\/de\/?s={search_term_string}"},"query-input":{"@type":"PropertyValueSpecification","valueRequired":true,"valueName":"search_term_string"}}],"inLanguage":"de"},{"@type":"Organization","@id":"https:\/\/sombredikabana.com\/de\/#organization","name":"Sombre di Kabana","url":"https:\/\/sombredikabana.com\/de\/","logo":{"@type":"ImageObject","inLanguage":"de","@id":"https:\/\/sombredikabana.com\/de\/#\/schema\/logo\/image\/","url":"https:\/\/sombredikabana.com\/wp-content\/uploads\/2019\/07\/logo_sdk_v5.png","contentUrl":"https:\/\/sombredikabana.com\/wp-content\/uploads\/2019\/07\/logo_sdk_v5.png","width":649,"height":376,"caption":"Sombre di Kabana"},"image":{"@id":"https:\/\/sombredikabana.com\/de\/#\/schema\/logo\/image\/"},"sameAs":["https:\/\/www.facebook.com\/bnbsombredikabana\/"]}]}},"_links":{"self":[{"href":"https:\/\/sombredikabana.com\/de\/wp-json\/wp\/v2\/pages\/103","targetHints":{"allow":["GET"]}}],"collection":[{"href":"https:\/\/sombredikabana.com\/de\/wp-json\/wp\/v2\/pages"}],"about":[{"href":"https:\/\/sombredikabana.com\/de\/wp-json\/wp\/v2\/types\/page"}],"author":[{"embeddable":true,"href":"https:\/\/sombredikabana.com\/de\/wp-json\/wp\/v2\/users\/4"}],"replies":[{"embeddable":true,"href":"https:\/\/sombredikabana.com\/de\/wp-json\/wp\/v2\/comments?post=103"}],"version-history":[{"count":50,"href":"https:\/\/sombredikabana.com\/de\/wp-json\/wp\/v2\/pages\/103\/revisions"}],"predecessor-version":[{"id":2191,"href":"https:\/\/sombredikabana.com\/de\/wp-json\/wp\/v2\/pages\/103\/revisions\/2191"}],"wp:attachment":[{"href":"https:\/\/sombredikabana.com\/de\/wp-json\/wp\/v2\/media?parent=103"}],"curies":[{"name":"wp","href":"https:\/\/api.w.org\/{rel}","templated":true}]}}

Über uns

<p></p>
<p></p>
<p></p>
<p>Wir sind Judith und Robert-Jan und seit September 2026 die neuen Eigentümer von Sombré di Kabana. Ein Ort, in den wir uns selbst sofort verliebt haben: klein, tropisch und dennoch ganz in der Nähe von allem, was Curaçao so besonders macht.</p>
<p>Nach vielen Jahren in den Niederlanden haben wir beschlossen, unser Leben umzukrempeln und auf Curaçao weiterzuführen. Als sich die Gelegenheit ergab, dieses besondere Mini-Resort zu übernehmen, mussten wir nicht lange überlegen.</p>
<p>In der kommenden Zeit werden wir dem Resort Schritt für Schritt unsere eigene Atmosphäre und unseren eigenen Stil verleihen. Dazu gehört auch ein neuer Name: Sombré di Kabana wird bald als Casa Cabana Curaçao weitergeführt.</p>
<p>Die entspannte und persönliche Atmosphäre bleibt natürlich erhalten. Gleichzeitig werden wir die Unterkünfte und das Gelände an verschiedenen Stellen erneuern und ihnen unseren eigenen karibischen Touch verleihen.</p>
<p>Uns ist besonders wichtig, dass ihr euch bei uns vom ersten Moment an wie zu Hause fühlt. Egal, ob ihr Curaçao entdecken, am Pool entspannen oder einfach einmal gar nichts tun möchtet.</p>
<p>Wir freuen uns sehr darauf, euch an unserem kleinen Stück Paradies unter der Sonne Curaçaos willkommen zu heißen.</p>
<p>Sonnige Grüße,<br />
Judith &amp; Robert-Jan 🌴</p>
<p></p>

<p>Wir sind Judith und Robert-Jan und seit September 2026 die neuen Eigentümer von Sombré di Kabana. Ein Ort, in den wir uns selbst sofort verliebt haben: klein, tropisch und dennoch ganz in der Nähe von allem, was Curaçao so besonders macht. Nach vielen Jahren in den Niederlanden haben wir beschlossen, unser Leben umzukrempeln und auf [&hellip;]</p>

<!-- This site is optimized with the Yoast SEO plugin v23.8 - https://yoast.com/wordpress/plugins/seo/ -->
<title>Über uns | B&amp;B Sombré di Kabana</title>
<meta name="robots" content="index, follow, max-snippet:-1, max-image-preview:large, max-video-preview:-1" />
<link rel="canonical" href="https://sombredikabana.com/de/over-ons/" />
<meta property="og:locale" content="de_DE" />
<meta property="og:type" content="article" />
<meta property="og:title" content="Über uns | B&amp;B Sombré di Kabana" />
<meta property="og:description" content="Wir sind Judith und Robert-Jan und seit September 2026 die neuen Eigentümer von Sombré di Kabana. Ein Ort, in den wir uns selbst sofort verliebt haben: klein, tropisch und dennoch ganz in der Nähe von allem, was Curaçao so besonders macht. Nach vielen Jahren in den Niederlanden haben wir beschlossen, unser Leben umzukrempeln und auf [&hellip;]" />
<meta property="og:url" content="https://sombredikabana.com/de/over-ons/" />
<meta property="og:site_name" content="B&amp;B Sombré di Kabana" />
<meta property="article:publisher" content="https://www.facebook.com/bnbsombredikabana/" />
<meta property="article:modified_time" content="2026-09-01T18:00:44+00:00" />
<meta name="twitter:card" content="summary_large_image" />
<meta name="twitter:label1" content="Geschätzte Lesezeit" />
	<meta name="twitter:data1" content="4 Minuten" />
<script type="application/ld+json" class="yoast-schema-graph">{"@context":"https://schema.org","@graph":[{"@type":"WebPage","@id":"https://sombredikabana.com/de/over-ons/","url":"https://sombredikabana.com/de/over-ons/","name":"Über uns | B&amp;B Sombré di Kabana","isPartOf":{"@id":"https://sombredikabana.com/de/#website"},"datePublished":"2019-01-16T18:00:32+00:00","dateModified":"2026-09-01T18:00:44+00:00","breadcrumb":{"@id":"https://sombredikabana.com/de/over-ons/#breadcrumb"},"inLanguage":"de","potentialAction":[{"@type":"ReadAction","target":[["https://sombredikabana.com/de/over-ons/"]]}]},{"@type":"BreadcrumbList","@id":"https://sombredikabana.com/de/over-ons/#breadcrumb","itemListElement":[{"@type":"ListItem","position":1,"name":"Home","item":"https://sombredikabana.com/de/"},{"@type":"ListItem","position":2,"name":"Over ons"}]},{"@type":"WebSite","@id":"https://sombredikabana.com/de/#website","url":"https://sombredikabana.com/de/","name":"B &amp; B Sombre di Kabana","description":"","publisher":{"@id":"https://sombredikabana.com/de/#organization"},"potentialAction":[{"@type":"SearchAction","target":{"@type":"EntryPoint","urlTemplate":"https://sombredikabana.com/de/?s={search_term_string}"},"query-input":{"@type":"PropertyValueSpecification","valueRequired":true,"valueName":"search_term_string"}}],"inLanguage":"de"},{"@type":"Organization","@id":"https://sombredikabana.com/de/#organization","name":"Sombre di Kabana","url":"https://sombredikabana.com/de/","logo":{"@type":"ImageObject","inLanguage":"de","@id":"https://sombredikabana.com/de/#/schema/logo/image/","url":"https://sombredikabana.com/wp-content/uploads/2019/07/logo_sdk_v5.png","contentUrl":"https://sombredikabana.com/wp-content/uploads/2019/07/logo_sdk_v5.png","width":649,"height":376,"caption":"Sombre di Kabana"},"image":{"@id":"https://sombredikabana.com/de/#/schema/logo/image/"},"sameAs":["https://www.facebook.com/bnbsombredikabana/"]}]}</script>
<!-- / Yoast SEO plugin. -->

Über uns | B&amp;B Sombré di Kabana

Wir sind Judith und Robert-Jan und seit September 2026 die neuen Eigentümer von Sombré di Kabana. Ein Ort, in den wir uns selbst sofort verliebt haben: klein, tropisch und dennoch ganz in der Nähe von allem, was Curaçao so besonders macht. Nach vielen Jahren in den Niederlanden haben wir beschlossen, unser Leben umzukrempeln und auf [&hellip;]

B&amp;B Sombré di Kabana
